iple of 1013?
False
Is 2178036 a multiple of 756?
True
Is 21 a factor of 599474?
False
Is 126 a factor of 18907308?
True
Does 131 divide 135336?
False
Is 167 a factor of 8887362?
False
Is 14 a factor of 117194?
True
Is 95792 a multiple of 10?
False
Is 83 a factor of 253171?
False
Is 21 a factor of 81879?
True
Is 1770751 a multiple of 112?
False
Is 4908650 a multiple of 190?
True
Is 1492866 a multiple of 117?
False
Is 119970 a multiple of 13?
False
Does 134 divide 2613536?
True
Is 75746 a multiple of 20?
False
Does 3 divide 17673?
True
Does 2 divide 747685?
False
Is 38 a factor of 503915?
False
Is 165750 a multiple of 51?
True
Is 23 a factor of 3558077?
True
Is 188272 a multiple of 14?
True
Is 10525907 a multiple of 527?
False
Is 6 a factor of 2567126?
False
Is 777216 a multiple of 46?
True
Does 1031 divide 9930716?
False
Is 41 a factor of 61254?
True
Is 45 a factor of 4528169?
False
Does 31 divide 546964?
True
Does 51 divide 213294?
False
Is 7771049 a multiple of 13?
True
Is 4087449 a multiple of 1269?
True
Is 1347731 a multiple of 23?
True
Does 304 divide 7820400?
True
Is 1999 a factor of 15114439?
True
Is 51 a factor of 6385?
False
Does 63 divide 1507066?
False
Does 26 divide 511871?
False
Does 119 divide 105434?
True
Does 44 divide 110690?
False
Is 5687600 a multiple of 10?
True
Is 3 a factor of 265290?
True
Is 32 a factor of 107584?
True
Does 489 divide 214182?
True
Does 60 divide 424324?
False
Does 10 divide 38140?
True
Is 121 a factor of 213139?
False
Is 17 a factor of 419624?
False
Is 221860 a multiple of 9?
False
Is 1512648 a multiple of 564?
True
Does 34 divide 684352?
True
Is 8 a factor of 828383?
False
Does 215 divide 1521340?
True
Is 19 a factor of 1587545?
True
Is 51 a factor of 47259?
False
Is 73514 a multiple of 7?
True
Does 92 divide 278760?
True
Is 59430 a multiple of 35?
True
Is 24516170 a multiple of 429?
False
Does 9 divide 4064580?
True
Is 9 a factor of 500453?
False
Is 2453050 a multiple of 355?
True
Is 72660 a multiple of 5?
True
Does 206 divide 1854?
True
Does 15 divide 4890866?
False
Is 52 a factor of 624936?
True
Does 49 divide 45633?
False
Is 453495 a multiple of 5?
True
Is 97 a factor of 84487?
True
Does 204 divide 1920864?
True
Is 4970996 a multiple of 316?
True
Is 112214 a multiple of 19?
True
Is 2 a factor of 503112?
True
Is 194623 a multiple of 146?
False
Does 46 divide 103362?
True
Is 1102824 a multiple of 24?
True
Is 66 a factor of 460680?
True
Is 43 a factor of 66048?
True
Does 3 divide 859567?
False
Does 51 divide 6527916?
False
Is 1148881 a multiple of 50?
False
Is 413 a factor of 208152?
True
Is 220626 a multiple of 63?
True
Does 61 divide 88267?
True
Does 237 divide 2695879?
False
Is 74 a factor of 4594956?
True
Is 120 a factor of 3508619?
False
Is 74880 a multiple of 130?
True
Is 1517871 a multiple of 380?
False
Is 79 a factor of 632228?
False
Is 128614 a multiple of 2?
True
Does 190 divide 256310?
True
Is 191 a factor of 230919?
True
Is 471 a factor of 655161?
True
Is 16 a factor of 1230690?
False
Is 9 a factor of 721539?
True
Is 9 a factor of 28014?
False
Is 20 a factor of 28095?
False
Is 576 a factor of 1081152?
True
Does 22 divide 52566?
False
Is 375 a factor of 14463482?
False
Is 589253 a multiple of 15?
False
Is 277376 a multiple of 394?
True
Is 4 a factor of 7388836?
True
Is 27 a factor of 422793?
True
Is 966248 a multiple of 284?
False
Does 26 divide 7043?
False
Is 466562 a multiple of 122?
False
Is 54 a factor of 30618?
True
Does 250 divide 247664?
False
Does 296 divide 4195208?
True
Is 11711 a multiple of 21?
False
Is 274255 a multiple of 129?
False
Does 11 divide 1206698?
False
Does 332 divide 662963?
False
Does 38 divide 5759341?
False
Does 16 divide 9248?
True
Does 102 divide 11016?
True
Is 15 a factor of 29218?
False
Is 1443681 a multiple of 3?
True
Does 57 divide 12225423?
False
Is 123 a factor of 154021?
False
Is 11 a factor of 3234452?
False
Is 27 a factor of 2227257?
True
Is 120 a factor of 55185?
False
Does 23 divide 136804?
True
Is 222023 a multiple of 92?
False
Does 344 divide 2301360?
True
Is 478 a factor of 71700?
True
Is 3187255 a multiple of 68?
False
Does 29 divide 196439?
False
Is 279912 a multiple of 7?
False
Is 948290 a multiple of 35?
True
Does 37 divide 4469230?
True
Does 283 divide 856358?
True
Is 1536944 a multiple of 16?
True
Does 12 divide 40264988?
False
Is 5 a factor of 3050058?
False
Does 98 divide 176694?
True
Is 53 a factor of 60208?
True
Is 53 a factor of 182727?
False
Is 11 a factor of 2338735?
False
Is 79577 a multiple of 260?
False
Does 50 divide 1777327?
False
Is 48678 a multiple of 42?
True
Does 590 divide 3221400?
True
Is 24 a factor of 37342200?
True
Is 3501203 a multiple of 274?
False
Is 111699 a multiple of 21?
True
Does 278 divide 350920?
False
Is 6 a factor of 3339658?
False
Does 11 divide 6699?
True
Is 2083411 a multiple of 24?
False
Is 21644151 a multiple of 171?
False
Is 69 a factor of 316158?
True
Is 1457 a multiple of 13?
False
Does 60 divide 18718?
False
Is 3 a factor of 5736?
True
Does 55 divide 3245171?
False
Does 1627 divide 14019859?
True
Is 6 a factor of 1767825?
False
Is 23 a factor of 639438?
False
Is 6703778 a multiple of 547?
False
Is 283627 a multiple of 86?
False
Is 2200380 a multiple of 42?
True
Is 46 a factor of 63664?
True
Is 358544 a multiple of 16?
True
Is 12 a factor of 525713?
False
Is 6222873 a multiple of 97?
False
Is 184533 a multiple of 38?
False
Is 168 a factor of 167026?
False
Is 12135 a multiple of 127?
False
Is 681824 a multiple of 143?
True
Is 6 a factor of 4176966?
True
Does 42 divide 1919900?
False
Is 9728 a multiple of 4?
True
Is 446027 a multiple of 707?
False
Does 180 divide 3175764?
False
Is 6870641 a multiple of 6?
False
Does 323 divide 50065?
True
Is 13127994 a multiple of 162?
True
Is 83106 a multiple of 54?
True
Is 551497 even?
False
Is 38 a factor of 38418?
True
Is 1730905 a multiple of 121?
True
Is 3626262 a multiple of 27?
True
Does 12 divide 1938240?
True
Does 98 divide 370244?
True
Is 26 a factor of 50053?
False
Does 4 divide 1291200?
True
Is 643119 a multiple of 376?
False
Is 16 a factor of 21776?
True
Is 19 a factor of 386365?
True
Is 44 a factor of 223872?
True
Is 5218710 a multiple of 3?
True
Does 328 divide 180441?
False
Is 366 a factor of 285114?
True
Does 23 divide 20522003?
True
Does 57 divide 2063564?
False
Does 20 divide 4901160?
True
Is 288 a factor of 305996?
False
Does 10 divide 137447?
False
Does 324 divide 436148?
False
Is 36 a factor of 28563?
False
Does 148 divide 3122948?
True
Is 456703 a multiple of 857?
False
Is 11610 a multiple of 3?
True
Is 3 a factor of 70250?
False
Does 327 divide 1627049?
False
Is 339647 a multiple of 32?
False
Is 151 a factor of 3799587?
False
Does 82 divide 72734?
True
Is 643608 a multiple of 294?
False
Is 140 a factor of 1464120?
True
Does 49 divide 113372?
False
Is 6 a factor of 3902900?
False
Is 18 a factor of 852542?
False
Is 1004911 a multiple of 111?
False
Is 6 a factor of 313986?
True
Is 465975 a multiple of 545?
True
Is 40928 even?
True
Is 1939188 a multiple of 619?
False
Does 111 divide 115773?
True
Does 512 divide 408576?
True
Is 546 a factor of 4413139?
False
Is 326732 a multiple of 28?
True
Is 538 a factor of 4008013?
False
Does 35 divide 133980?
True
Does 607 divide 6026362?
False
Is 140 a factor of 9520?
True
Is 5 a factor of 1889212?
False
Is 2 a factor of 13677?
False
Does 101 divide 1032374?
False
Is 84 a factor of 1595664?
True
Is 41 a factor of 6086286?
True
Does 18 divide 36500?
False
Does 17 divide 239594?
False
Is 133 a factor of 3287494?
True
Is 17 a factor of 12570480?
True
Does 125 divide 863875?
True
Is 928961 a multiple of 13?
False
Is 7 a factor of 140343?
True
Is 22 a factor of 19514?
True
Is 203 a factor of 7087948?
True
Is 128 a factor of 126336?
True
Is 513 a factor of 736668?
True
Does 13 divide 5212584?
True
Does 11 divide 37835?
False
Does 124 divide 3236862?
False
Does 15 divide 1272871?
False
Is 604119 a multiple of 663?
False
Does 211 divide 227880?
True
Is 20227600 a multiple of 19?
False
Is 10824 a multiple of 22?
True
Does 2 divide 307213?
False
Does 260 divide 74435?
False
Is 19504994 a multiple of 29?
True
Is 34 a factor of 14531756?
False
Does 114 divide 419292?
True
Does 17 divide 2933588?
True
Does 8 divide 24060